 the thousands digit of 4958?
4
What is the hundred thousands digit of 103710?
1
What is the units digit of 82735?
5
What is the units digit of 1118?
8
What is the hundreds digit of 122?
1
What is the hundreds digit of 39310?
3
What is the thousands digit of 93722?
3
What is the units digit of 35378?
8
What is the units digit of 57612?
2
What is the units digit of 16400?
0
What is the hundreds digit of 3624?
6
What is the thousands digit of 20461?
0
What is the ten thousands digit of 145864?
4
What is the units digit of 64290?
0
What is the thousands digit of 59222?
9
What is the tens digit of 279?
7
What is the units digit of 30320?
0
What is the hundreds digit of 3271?
2
What is the thousands digit of 26310?
6
What is the units digit of 985?
5
What is the ten thousands digit of 48251?
4
What is the thousands digit of 37719?
7
What is the units digit of 4608?
8
What is the tens digit of 7979?
7
What is the units digit of 331?
1
What is the ten thousands digit of 47524?
4
What is the thousands digit of 23661?
3
What is the ten thousands digit of 15020?
1
What is the units digit of 33911?
1
What is the ten thousands digit of 21412?
2
What is the thousands digit of 5015?
5
What is the units digit of 9723?
3
What is the tens digit of 2092?
9
What is the ten thousands digit of 66210?
6
What is the units digit of 2544?
4
What is the thousands digit of 2676?
2
What is the hundreds digit of 164?
1
What is the units digit of 1267?
7
What is the tens digit of 83038?
3
What is the hundreds digit of 20377?
3
What is the tens digit of 6013?
1
What is the hundreds digit of 2774?
7
What is the ten thousands digit of 16711?
1
What is the hundreds digit of 8759?
7
What is the hundreds digit of 340?
3
What is the hundreds digit of 346?
3
What is the hundreds digit of 1046?
0
What is the hundreds digit of 30446?
4
What is the units digit of 705?
5
What is the units digit of 48499?
9
What is the hundreds digit of 246?
2
What is the tens digit of 1914?
1
What is the tens digit of 857?
5
What is the units digit of 65234?
4
What is the hundreds digit of 2311?
3
What is the tens digit of 1014?
1
What is the units digit of 47729?
9
What is the hundreds digit of 317?
3
What is the hundreds digit of 13376?
3
What is the tens digit of 34830?
3
What is the ten thousands digit of 52681?
5
What is the units digit of 2763?
3
What is the units digit of 66229?
9
What is the units digit of 810?
0
What is the tens digit of 14002?
0
What is the thousands digit of 27067?
7
What is the thousands digit of 107561?
7
What is the hundreds digit of 23475?
4
What is the hundreds digit of 4203?
2
What is the tens digit of 11465?
6
What is the ten thousands digit of 70821?
7
What is the hundreds digit of 778?
7
What is the units digit of 2454?
4
What is the ten thousands digit of 104112?
0
What is the ten thousands digit of 11207?
1
What is the thousands digit of 5892?
5
What is the ten thousands digit of 13241?
1
What is the thousands digit of 2175?
2
What is the units digit of 5668?
8
What is the hundreds digit of 59159?
1
What is the tens digit of 86925?
2
What is the hundreds digit of 1601?
6
What is the units digit of 306?
6
What is the tens digit of 7621?
2
What is the hundreds digit of 7175?
1
What is the hundreds digit of 52092?
0
What is the thousands digit of 96515?
6
What is the hundreds digit of 1051?
0
What is the ten thousands digit of 42609?
4
What is the hundreds digit of 1909?
9
What is the units digit of 80404?
4
What is the hundreds digit of 17983?
9
What is the thousands digit of 1220?
1
What is the thousands digit of 84378?
4
What is the hundreds digit of 6293?
2
What is the units digit of 1057?
7
What is the ten thousands digit of 117249?
1
What is the hundreds digit of 125814?
8
What is the units digit of 1916?
6
What is the thousands digit of 1458?
1
What is the tens digit of 12295?
9
What is the units digit of 2177?
7
What is the thousands digit of 108553?
8
What is the tens digit of 10209?
0
What is the hundreds digit of 96880?
8
What is the units digit of 29?
9
What is the hundreds digit of 91801?
8
What is the tens digit of 19713?
1
What is the thousands digit of 3126?
3
What is the thousands digit of 1553?
1
What is the hundreds digit of 1932?
9
What is the tens digit of 875?
7
What is the tens digit of 9669?
6
What is the tens digit of 2010?
1
What is the thousands digit of 25074?
5
What is the tens digit of 6811?
1
What is the hundreds digit of 631?
6
What is the units digit of 289?
9
What is the tens digit of 8536?
3
What is the tens digit of 93428?
2
What is the units digit of 626?
6
What is the hundreds digit of 4704?
7
What is the units digit of 1889?
9
What is the units digit of 6627?
7
What is the units digit of 3326?
6
What is the tens digit of 13894?
9
What is the tens digit of 1653?
5
What is the units digit of 288?
8
What is the ten thousands digit of 15165?
1
What is the ten thousands digit of 10023?
1
What is the hundreds digit of 9640?
6
What is the units digit of 42015?
5
What is the tens digit of 2634?
3
What is the tens digit of 12798?
9
What is the thousands digit of 74259?
4
What is the units digit of 289?
9
What is the units digit of 3977?
7
What is the thousands digit of 1808?
1
What is the tens digit of 8927?
2
What is the thousands digit of 24609?
4
What is the units digit of 754?
4
What is the tens digit of 457?
5
What is the thousands digit of 8561?
8
What is the units digit of 608?
8
What is the hundreds digit of 12664?
6
What is the units digit of 306?
6
What is the tens digit of 28005?
0
What is the thousands digit of 4263?
4
What is the tens digit of 1981?
8
What is the thousands digit of 2928?
2
What is the units digit of 14239?
9
What is the units digit of 14909?
9
What is the tens digit of 648?
4
What is the units digit of 8260?
0
What is the hundreds digit of 875?
8
What is the thousands digit of 1009?
1
What is the units digit of 2536?
6
What is the ten thousands digit of 64074?
6
What is the hundreds digit of 5120?
1
What is the tens digit of 2734?
3
What is the tens digit of 3241?
4
What is the tens digit of 4096?
9
What is the thousands digit of 12102?
2
What is the hundreds digit of 28476?
4
What is the units digit of 4839?
9
What is the tens digit of 6063?
6
What is the units digit of 448?
8
What is the tens digit of 854?
5
What is the tens digit of 824?
2
What is the hundreds digit of 14317?
3
What is the hundreds digit of 8026?
0
What is the thousands digit of 6772?
6
What is the hundreds digit of 2208?
2
What is the ten thousands digit of 22522?
2
What is the hundreds digit of 4370?
3
What is the tens digit of 16807?
0
What is the hundreds digit of 12428?
4
What is the thousands digit of 1892?
1
What is the thousands digit of 8180?
8
What is the hundreds digit of 486?
4
What is the ten thousands digit of 31233?
3
What is the units digit of 89?
9
What is the tens digit of 1956?
5
What is the tens digit of 303?
0
What is the tens digit of 2399?
9
What is the hundreds digit of 1713?
7
What is the ten thousands digit of 169779?
6
What is the hundreds digit of 59230?
2
What is the thousands digit of 2288?
2
What is the units digit of 387?
7
What is the tens digit of 11235?
3
What is the thousands digit of 1541?
1
What is the units digit of 45463?
3
What is the ten thousands digit of 31002?
3
What is the units digit of 76?
6
What is the hundreds digit of 7303?
3
What is the tens digit of 59?
5
What is the thousands digit of 59103?
9
What is the tens digit of 166347?
4
What is the thousands digit of 6206?
6
What is the tens digit of 12099?
9
What is the hundreds digit of 315?
3
What is the units digit of 27725?
5
What is the thousands digit of 1968?
1
What is the units digit of 3425?
5
What is the hundreds digit of 523?
5
What is the ten thousands digit of 47465?
4
What is the thousands digit of 22601?
2
What is the ten thousands digit of 22101?
2
What is the tens digit of 340?
4
What is the units digit of 39504?
4
What is the ten thousands digit of 19998?
1
What is the tens digit of 57989?
8
What is the tens digit of 418?
1
What is the tens digit of 21142?
4
What is the ten thousands digit of 11561?
1
What is the hundreds digit of 185?
1
What is the units digit of 980?
0
What is the tens digit of 39394?
9
What is the u